{"id":1570,"date":"2021-01-29T12:36:16","date_gmt":"2021-01-29T11:36:16","guid":{"rendered":"http:\/\/pedagogika-filozoficzna.eu\/?page_id=1570"},"modified":"2021-01-29T12:38:55","modified_gmt":"2021-01-29T11:38:55","slug":"trentoviana1","status":"publish","type":"page","link":"https:\/\/pedagogika-filozoficzna.eu\/?page_id=1570","title":{"rendered":"Trentoviana"},"content":{"rendered":"\n<p><strong><a href=\"http:\/\/pedagogika-filozoficzna.eu\/?page_id=533\" target=\"_blank\" rel=\"noreferrer noopener\" aria-label=\"I. Dzie\u0142a Bronis\u0142awa F. Trentowskiego (otwiera si\u0119 na nowej zak\u0142adce)\">I. Dzie\u0142a Bronis\u0142awa F. Trentowskiego<\/a><\/strong><\/p>\n\n\n\n<p><strong><a href=\"http:\/\/pedagogika-filozoficzna.eu\/?page_id=1562\" target=\"_blank\" rel=\"noreferrer noopener\" aria-label=\"II. Recepcja tw\u00f3rczo\u015bci&nbsp;Bronis\u0142awa F. Trentowskiego (otwiera si\u0119 na nowej zak\u0142adce)\">II. Recepcja tw\u00f3rczo\u015bci&nbsp;Bronis\u0142awa F. Trentowskiego<\/a><\/strong><\/p>\n\n\n\n<p><\/p>\n","protected":false},"excerpt":{"rendered":"<div class=\"mh-excerpt\"><p>I. Dzie\u0142a Bronis\u0142awa F. Trentowskiego II. Recepcja tw\u00f3rczo\u015bci&nbsp;Bronis\u0142awa F. Trentowskiego<\/p>\n<\/div>","protected":false},"author":1,"featured_media":0,"parent":181,"menu_order":0,"comment_status":"closed","ping_status":"closed","template":"","meta":{"footnotes":""},"class_list":["post-1570","page","type-page","status-publish","hentry"],"_links":{"self":[{"href":"https:\/\/pedagogika-filozoficzna.eu\/index.php?rest_route=\/wp\/v2\/pages\/1570","targetHints":{"allow":["GET"]}}],"collection":[{"href":"https:\/\/pedagogika-filozoficzna.eu\/index.php?rest_route=\/wp\/v2\/pages"}],"about":[{"href":"https:\/\/pedagogika-filozoficzna.eu\/index.php?rest_route=\/wp\/v2\/types\/page"}],"author":[{"embeddable":true,"href":"https:\/\/pedagogika-filozoficzna.eu\/index.php?rest_route=\/wp\/v2\/users\/1"}],"replies":[{"embeddable":true,"href":"https:\/\/pedagogika-filozoficzna.eu\/index.php?rest_route=%2Fwp%2Fv2%2Fcomments&post=1570"}],"version-history":[{"count":2,"href":"https:\/\/pedagogika-filozoficzna.eu\/index.php?rest_route=\/wp\/v2\/pages\/1570\/revisions"}],"predecessor-version":[{"id":1573,"href":"https:\/\/pedagogika-filozoficzna.eu\/index.php?rest_route=\/wp\/v2\/pages\/1570\/revisions\/1573"}],"up":[{"embeddable":true,"href":"https:\/\/pedagogika-filozoficzna.eu\/index.php?rest_route=\/wp\/v2\/pages\/181"}],"wp:attachment":[{"href":"https:\/\/pedagogika-filozoficzna.eu\/index.php?rest_route=%2Fwp%2Fv2%2Fmedia&parent=1570"}],"curies":[{"name":"wp","href":"https:\/\/api.w.org\/{rel}","templated":true}]}}