{"id":246,"date":"2017-02-22T10:44:44","date_gmt":"2017-02-22T09:44:44","guid":{"rendered":"http:\/\/pedagogika-filozoficzna.eu\/?page_id=246"},"modified":"2017-03-16T08:30:54","modified_gmt":"2017-03-16T07:30:54","slug":"sekcja-starozytnikow-i-bizantynologow","status":"publish","type":"page","link":"https:\/\/pedagogika-filozoficzna.eu\/?page_id=246","title":{"rendered":"Sekcja Staro\u017cytnik\u00f3w i Bizantynolog\u00f3w"},"content":{"rendered":"<p style=\"text-align: right;\"><img loading=\"lazy\" decoding=\"async\" class=\" wp-image-226 aligncenter\" src=\"http:\/\/pedagogika-filozoficzna.eu\/wp-content\/uploads\/2017\/02\/cropped-logo_tpf-300x295.jpg\" alt=\"\" width=\"126\" height=\"124\" \/><\/p>\n<p style=\"text-align: right;\">\u0141\u00f3d\u017a, 10.11.2016 r.<\/p>\n<p style=\"text-align: center;\"><strong>Powo\u0142anie Sekcji Staro\u017cytnik\u00f3w i Bizantynolog\u00f3w przy TPF<\/strong><\/p>\n<p>Z dniem 10. listopada 2016 roku na podstawie \u00a7 25, pkt 6 i \u00a7 26 Statutu Towarzystwa Pedagogiki Filozoficznej powo\u0142uj\u0119 przy TPF Sekcj\u0119 Staro\u017cytnik\u00f3w i Bizantynolog\u00f3w w\u00a0sk\u0142adzie za\u0142o\u017cycielskim:<\/p>\n<ol>\n<li style=\"text-align: left;\">M. Dembi\u0144ski<\/li>\n<li style=\"text-align: left;\">A. Kompa<\/li>\n<li style=\"text-align: left;\">M. Krasnod\u0119bski<\/li>\n<li style=\"text-align: left;\">R. M. Leszczy\u0144ski<\/li>\n<li style=\"text-align: left;\">M. Mistrzak<\/li>\n<li style=\"text-align: left;\">A. Mordzi\u0144ska<\/li>\n<li style=\"text-align: left;\">M. Przanowska<\/li>\n<li style=\"text-align: left;\">J. Rutkowski<\/li>\n<li style=\"text-align: left;\">B. Stawoska-Jundzi\u0142\u0142<\/li>\n<li style=\"text-align: left;\">S. Sztobryn<\/li>\n<li style=\"text-align: left;\">A. Tys<\/li>\n<li style=\"text-align: left;\">M. Wasilewski<\/li>\n<\/ol>\n<p>Udzia\u0142 w pracach Sekcji jest dobrowolny i nie jest r\u00f3wnoznaczny z cz\u0142onkostwem w\u00a0TPF, cho\u0107 go nie wyklucza. W\u0142\u0105czenie si\u0119 w dzia\u0142ania nowopowo\u0142anej Sekcji nast\u0119puje po z\u0142o\u017ceniu deklaracji cz\u0142onkowskiej.<\/p>\n<p><strong>Zadania Statutowe Sekcji<\/strong> \u2013 w zgodzie ze Statutem TPF &#8211;\u00a0 obejmuj\u0105 nast\u0119puj\u0105ce obszary aktywno\u015bci:<\/p>\n<ol>\n<li>Prowadzenie bada\u0144 indywidualnych i zespo\u0142owych z pogranicza wielu dyscyplin naukowych dotycz\u0105cych dziej\u00f3w kultury filozoficznej i pedagogicznej staro\u017cytnej Grecji, Rzymu i Bizancjum<\/li>\n<li>Organizacj\u0119 seminari\u00f3w, konferencji i innych form komunikacji naukowej zwi\u0105zanych z problematyk\u0105 badawcz\u0105 Sekcji<\/li>\n<li>Organizacj\u0119 spotka\u0144 i wyk\u0142ad\u00f3w popularyzatorskich<\/li>\n<li>Wsp\u00f3\u0142prac\u0119 z innymi stowarzyszeniami i badaczami krajowymi i zagranicznymi prowadz\u0105cymi dzia\u0142alno\u015b\u0107 naukow\u0105 w w\/w zakresie<\/li>\n<li>Publikacj\u0119 przyczynk\u00f3w oraz pozycji zwartych (w wersji elektronicznej i\u00a0tradycyjnej) z wykorzystaniem mo\u017cliwo\u015bci Wydawnictwa Naukowego TPF<\/li>\n<li>Aplikowanie o granty badawcze<\/li>\n<\/ol>\n<p>&nbsp;<\/p>\n<p>Dzia\u0142alno\u015b\u0107 Sekcji nie mo\u017ce by\u0107 sprzeczna ze Statutem TPF. Wszelkie dokumenty zwi\u0105zane z aktywno\u015bci\u0105 Sekcji b\u0119d\u0105 archiwizowane w siedzibie Towarzystwa.<\/p>\n<p>Dzia\u0142alno\u015b\u0107 wydawnicza oraz spotkania naukowe Sekcji b\u0119d\u0105 finansowane ze \u015brodk\u00f3w w\u0142asnych Sekcji (sk\u0142adki docelowe, op\u0142aty konferencyjne, dofinansowanie instytucjonalne, mecenat itp.), kt\u00f3ra b\u0119dzie mog\u0142a je przechowywa\u0107 na koncie TPF. \u015arodki te w ca\u0142o\u015bci b\u0119d\u0105 przeznaczone na realizacj\u0119 za\u0142o\u017conych cel\u00f3w Sekcji.<\/p>\n<p>Osob\u0105 odpowiedzialn\u0105 za dzia\u0142alno\u015b\u0107 organizacyjn\u0105 i naukow\u0105 Sekcji jest cz\u0142onek TPF &#8211; prof. Rafa\u0142 M. Leszczy\u0144ski. Wewn\u0119trzna struktura organizacyjna Sekcji, program prac badawczych oraz plan wydawniczy zostan\u0105 przyj\u0119te na jej najbli\u017cszym posiedzeniu w\u00a02017 roku.<\/p>\n<p>&nbsp;<\/p>\n<p style=\"text-align: right;\">w imieniu Zarz\u0105du TPF<\/p>\n","protected":false},"excerpt":{"rendered":"<div class=\"mh-excerpt\"><p>\u0141\u00f3d\u017a, 10.11.2016 r. Powo\u0142anie Sekcji Staro\u017cytnik\u00f3w i Bizantynolog\u00f3w przy TPF Z dniem 10. listopada 2016 roku na podstawie \u00a7 25, <a class=\"mh-excerpt-more\" href=\"https:\/\/pedagogika-filozoficzna.eu\/?page_id=246\" title=\"Sekcja Staro\u017cytnik\u00f3w i Bizantynolog\u00f3w\">[&#8230;]<\/a><\/p>\n<\/div>","protected":false},"author":1,"featured_media":0,"parent":37,"menu_order":0,"comment_status":"closed","ping_status":"closed","template":"","meta":{"footnotes":""},"class_list":["post-246","page","type-page","status-publish","hentry"],"_links":{"self":[{"href":"https:\/\/pedagogika-filozoficzna.eu\/index.php?rest_route=\/wp\/v2\/pages\/246","targetHints":{"allow":["GET"]}}],"collection":[{"href":"https:\/\/pedagogika-filozoficzna.eu\/index.php?rest_route=\/wp\/v2\/pages"}],"about":[{"href":"https:\/\/pedagogika-filozoficzna.eu\/index.php?rest_route=\/wp\/v2\/types\/page"}],"author":[{"embeddable":true,"href":"https:\/\/pedagogika-filozoficzna.eu\/index.php?rest_route=\/wp\/v2\/users\/1"}],"replies":[{"embeddable":true,"href":"https:\/\/pedagogika-filozoficzna.eu\/index.php?rest_route=%2Fwp%2Fv2%2Fcomments&post=246"}],"version-history":[{"count":2,"href":"https:\/\/pedagogika-filozoficzna.eu\/index.php?rest_route=\/wp\/v2\/pages\/246\/revisions"}],"predecessor-version":[{"id":459,"href":"https:\/\/pedagogika-filozoficzna.eu\/index.php?rest_route=\/wp\/v2\/pages\/246\/revisions\/459"}],"up":[{"embeddable":true,"href":"https:\/\/pedagogika-filozoficzna.eu\/index.php?rest_route=\/wp\/v2\/pages\/37"}],"wp:attachment":[{"href":"https:\/\/pedagogika-filozoficzna.eu\/index.php?rest_route=%2Fwp%2Fv2%2Fmedia&parent=246"}],"curies":[{"name":"wp","href":"https:\/\/api.w.org\/{rel}","templated":true}]}}