{"id":37,"date":"2017-02-17T11:07:06","date_gmt":"2017-02-17T10:07:06","guid":{"rendered":"http:\/\/pedagogika-filozoficzna.eu\/?page_id=37"},"modified":"2017-02-22T20:19:47","modified_gmt":"2017-02-22T19:19:47","slug":"tpf","status":"publish","type":"page","link":"https:\/\/pedagogika-filozoficzna.eu\/?page_id=37","title":{"rendered":"TPF"},"content":{"rendered":"<p><em><strong>Towarzystwo Pedagogiki Filozoficznej im. Bronis\u0142awa Ferdynanda Trentowskiego<\/strong><\/em> zosta\u0142o powo\u0142ane do \u017cycia w trakcie obrad II Mi\u0119dzynarodowej Konferencji Pedagogiki Filozoficznej (15-16 wrze\u015bnia 2006 r.), kt\u00f3ra podj\u0119\u0142a problem tradycji i wsp\u00f3\u0142czesno\u015bci filozofii wychowania. 20 wrze\u015bnia 2007 r. Towarzystwo zosta\u0142o zarejestrowane w Krajowym Rejestrze Stowarzysze\u0144 w S\u0105dzie Rejonowym dla \u0141odzi-\u015ar\u00f3dmie\u015bcie XX Wydzia\u0142 Krajowego Rejestru S\u0105dowego pod nr <strong>KRS 0000288665<\/strong>.<\/p>\n<p>&nbsp;<\/p>\n","protected":false},"excerpt":{"rendered":"<div class=\"mh-excerpt\"><p>Towarzystwo Pedagogiki Filozoficznej im. Bronis\u0142awa Ferdynanda Trentowskiego zosta\u0142o powo\u0142ane do \u017cycia w trakcie obrad II Mi\u0119dzynarodowej Konferencji Pedagogiki Filozoficznej (15-16 <a class=\"mh-excerpt-more\" href=\"https:\/\/pedagogika-filozoficzna.eu\/?page_id=37\" title=\"TPF\">[&#8230;]<\/a><\/p>\n<\/div>","protected":false},"author":1,"featured_media":0,"parent":0,"menu_order":0,"comment_status":"closed","ping_status":"closed","template":"","meta":{"footnotes":""},"class_list":["post-37","page","type-page","status-publish","hentry"],"_links":{"self":[{"href":"https:\/\/pedagogika-filozoficzna.eu\/index.php?rest_route=\/wp\/v2\/pages\/37","targetHints":{"allow":["GET"]}}],"collection":[{"href":"https:\/\/pedagogika-filozoficzna.eu\/index.php?rest_route=\/wp\/v2\/pages"}],"about":[{"href":"https:\/\/pedagogika-filozoficzna.eu\/index.php?rest_route=\/wp\/v2\/types\/page"}],"author":[{"embeddable":true,"href":"https:\/\/pedagogika-filozoficzna.eu\/index.php?rest_route=\/wp\/v2\/users\/1"}],"replies":[{"embeddable":true,"href":"https:\/\/pedagogika-filozoficzna.eu\/index.php?rest_route=%2Fwp%2Fv2%2Fcomments&post=37"}],"version-history":[{"count":2,"href":"https:\/\/pedagogika-filozoficzna.eu\/index.php?rest_route=\/wp\/v2\/pages\/37\/revisions"}],"predecessor-version":[{"id":270,"href":"https:\/\/pedagogika-filozoficzna.eu\/index.php?rest_route=\/wp\/v2\/pages\/37\/revisions\/270"}],"wp:attachment":[{"href":"https:\/\/pedagogika-filozoficzna.eu\/index.php?rest_route=%2Fwp%2Fv2%2Fmedia&parent=37"}],"curies":[{"name":"wp","href":"https:\/\/api.w.org\/{rel}","templated":true}]}}