{"id":47,"date":"2017-02-17T11:35:07","date_gmt":"2017-02-17T10:35:07","guid":{"rendered":"http:\/\/pedagogika-filozoficzna.eu\/?page_id=47"},"modified":"2024-05-21T11:41:29","modified_gmt":"2024-05-21T09:41:29","slug":"statut-tpf","status":"publish","type":"page","link":"https:\/\/pedagogika-filozoficzna.eu\/?page_id=47","title":{"rendered":"Statut TPF"},"content":{"rendered":"<div class=\"article-content\">\n<p style=\"text-align: center;\" align=\"JUSTIFY\"><strong>Statut <\/strong><strong>TOWARZYSTWA PEDAGOGIKI FILOZOFICZNEJ<\/strong><\/p>\n<p style=\"text-align: center;\" align=\"JUSTIFY\">im. B.F. Trentowskiego<\/p>\n<p style=\"text-align: center;\" align=\"JUSTIFY\"><strong>Rozdzia\u0142 I: Postanowienia og\u00f3lne <\/strong><\/p>\n<p style=\"text-align: center;\" align=\"JUSTIFY\"><strong>\u00a7 1<\/strong><\/p>\n<p align=\"JUSTIFY\">Towarzystwo Pedagogiki Filozoficznej im B.F. Trentowskiego, zwane dalej Towarzystwem, jest stowarzyszeniem zarejestrowanym i posiada osobowo\u015b\u0107 prawn\u0105. Towarzystwo ma prawo u\u017cywa\u0107 skr\u00f3conej nazwy TPF.<\/p>\n<p style=\"text-align: center;\" align=\"JUSTIFY\"><strong>\u00a7 2<\/strong><\/p>\n<p align=\"JUSTIFY\">Terenem dzia\u0142ania Towarzystwa jest obszar Rzeczypospolitej Polskiej, a siedzib\u0105 jest \u0141\u00f3d\u017a.<\/p>\n<p align=\"JUSTIFY\">Towarzystwo mo\u017ce r\u00f3wnie\u017c prowadzi\u0107 dzia\u0142alno\u015b\u0107 poza granicami Rzeczypospolitej Polskiej.<\/p>\n<p style=\"text-align: center;\" align=\"JUSTIFY\"><strong>\u00a7 3<\/strong><\/p>\n<p align=\"JUSTIFY\">Do realizacji cel\u00f3w i zada\u0144 statutowych Towarzystwa mog\u0105 by\u0107 zatrudniani wolontariusze i pracownicy na zasadach okre\u015blonych przez obowi\u0105zuj\u0105ce przepisy prawne.<\/p>\n<p style=\"text-align: center;\" align=\"JUSTIFY\"><strong>\u00a7 4<\/strong><\/p>\n<p align=\"JUSTIFY\">Towarzystwo u\u017cywa piecz\u0119ci z napisami: &#8222;Towarzystwo Pedagogiki Filozoficznej im. B. Trentowskiego &#8211; Zarz\u0105d&#8221; i in. zatwierdzonych przez Zarz\u0105d.<\/p>\n<p align=\"JUSTIFY\">Towarzystwo mo\u017ce posiada\u0107 god\u0142o, odznak\u0119 organizacyjn\u0105 i legitymacje.<\/p>\n<p style=\"text-align: center;\" align=\"JUSTIFY\"><strong>Rozdzia\u0142 II: Cele i \u015brodki dzia\u0142ania<\/strong><\/p>\n<p style=\"text-align: center;\" align=\"JUSTIFY\"><strong>\u00a7 5<\/strong><\/p>\n<p align=\"JUSTIFY\">Celem Towarzystwa jest:<\/p>\n<ol>\n<li>inspirowanie, organizowanie i popieranie bada\u0144 oraz wymiany mi\u0119dzynarodowej i mi\u0119dzyuczelnianej w zakresie pedagogiki filozoficznej jak r\u00f3wnie\u017c upowszechnianie ich wynik\u00f3w w spo\u0142ecze\u0144stwie w celu podniesienia jego kultury pedagogicznej i poprawy jako\u015bci edukacji;<\/li>\n<li>organizowanie konferencji, szkole\u0144, spotka\u0144 w celu integracji \u015brodowisk dzia\u0142aj\u0105cych w obszarze pedagogiki filozoficznej;<\/li>\n<li>sprawowanie merytorycznej i materialnej opieki nad wortalem oraz czasopismem PEDAGOGIKA FILOZOFICZNA on-line;<\/li>\n<li>prowadzenie dzia\u0142a\u0144 zwi\u0105zanych z publikacjami wydawanymi przez Towarzystwo;<\/li>\n<li>prowadzenie dzia\u0142a\u0144 zwi\u0105zanych z piel\u0119gnowaniem dziedzictwa kulturowego.<\/li>\n<\/ol>\n<p style=\"text-align: center;\" align=\"JUSTIFY\"><strong>\u00a7 6<\/strong><\/p>\n<p align=\"JUSTIFY\">Do realizacji cel\u00f3w okre\u015blonych w \u00a7 5 Towarzystwo:<\/p>\n<ol>\n<li>inspiruje, organizuje i wspiera badania nad pedagogik\u0105 filozoficzn\u0105;<\/li>\n<li>wypowiada si\u0119 w sprawach wa\u017cnych dla rozwoju szeroko pojmowanej pedagogiki filozoficznej;<\/li>\n<li>urz\u0105dza samodzielnie lub wsp\u00f3lnie z innymi organizacjami i instytucjami wyk\u0142ady publiczne i odczyty, a tak\u017ce podejmuje inne dzia\u0142ania w celu prowadzenia bada\u0144 i popularyzacji wiedzy;<\/li>\n<li>tworzy zespo\u0142y badawcze, zak\u0142ada i utrzymuje zbiory i pracownie;<\/li>\n<li>og\u0142asza konkursy na najlepsze prace magisterskie i doktorskie oraz nagradza wyr\u00f3\u017cniaj\u0105cych si\u0119 badaczy;<\/li>\n<li>wsp\u00f3\u0142pracuje z w\u0142a\u015bciwymi organami administracji pa\u0144stwowej i samorz\u0105dowej, ze szko\u0142ami wy\u017cszymi, a tak\u017ce z innymi instytucjami w sprawach bada\u0144 naukowych, organizacji \u017cycia naukowego, propagowania wiedzy z zakresu pedagogiki filozoficznej oraz innych dziedzin obj\u0119tych dzia\u0142alno\u015bci\u0105 Towarzystwa;<\/li>\n<li>wsp\u00f3\u0142dzia\u0142a z pokrewnymi stowarzyszeniami i organizacjami w kraju i za granic\u0105.<\/li>\n<\/ol>\n<p style=\"text-align: center;\" align=\"JUSTIFY\">\u00a0<strong>Rozdzia\u0142 III: Cz\u0142onkowie, ich prawa i obowi\u0105zki<\/strong><\/p>\n<p style=\"text-align: center;\" align=\"JUSTIFY\"><strong>\u00a7 7<\/strong><\/p>\n<p align=\"JUSTIFY\">Cz\u0142onkowie Towarzystwa dziel\u0105 si\u0119 na:<\/p>\n<ol>\n<li>zwyczajnych,<\/li>\n<li>honorowych,<\/li>\n<li>wspieraj\u0105cych.<\/li>\n<\/ol>\n<p style=\"text-align: center;\" align=\"JUSTIFY\"><strong>\u00a7 8<\/strong><\/p>\n<p align=\"JUSTIFY\">Cz\u0142onkiem zwyczajnym Towarzystwa mo\u017ce zosta\u0107 osoba pe\u0142noletnia pragn\u0105ca wsp\u00f3\u0142dzia\u0142a\u0107 w urzeczywistnieniu cel\u00f3w Towarzystwa.<\/p>\n<p align=\"JUSTIFY\">Cz\u0142onk\u00f3w zwyczajnych przyjmuje Zarz\u0105d &#8211; bezpo\u015brednio.<\/p>\n<p align=\"JUSTIFY\">Cz\u0142onk\u00f3w zwyczajnych &#8211; cudzoziemc\u00f3w nie maj\u0105cych miejsca zamieszkania na terytorium Rzeczypospolitej Polskiej &#8211; przyjmuje na podstawie pisemnej deklaracji na wniosek Prezesa bezpo\u015brednio Zarz\u0105d.<\/p>\n<p style=\"text-align: center;\" align=\"JUSTIFY\"><strong>\u00a7 9<\/strong><\/p>\n<p align=\"JUSTIFY\">Cz\u0142onkowie zwyczajni maj\u0105 prawo:<\/p>\n<ol>\n<li>czynnego i biernego wyboru do w\u0142adz Towarzystwa;<\/li>\n<li>uczestniczenia w zebraniach, konferencjach, zjazdach oraz innych przedsi\u0119wzi\u0119ciach organizowanych przez Towarzystwo;<\/li>\n<li>korzystania ze zbior\u00f3w Towarzystwa;<\/li>\n<li>bezp\u0142atnego otrzymywania czasopisma on-line i ew. odp\u0142atnie innych w\u0142asnych wydawnictw Towarzystwa na warunkach ustalonych przez Zarz\u0105d;<\/li>\n<li>korzystania z rekomendacji i opieki Towarzystwa w swojej dzia\u0142alno\u015bci naukowej.<\/li>\n<\/ol>\n<p style=\"text-align: center;\" align=\"JUSTIFY\"><strong>\u00a7 10<\/strong><\/p>\n<p align=\"JUSTIFY\">Do obowi\u0105zk\u00f3w cz\u0142onka zwyczajnego nale\u017cy:<\/p>\n<ol>\n<li>uczestniczenie w realizacji cel\u00f3w Towarzystwa;<\/li>\n<li>przestrzeganie postanowie\u0144 statutu, regulamin\u00f3w oraz uchwa\u0142 i zarz\u0105dze\u0144 w\u0142adz Towarzystwa;<\/li>\n<li>regularne op\u0142acanie sk\u0142adki cz\u0142onkowskiej.<\/li>\n<\/ol>\n<p style=\"text-align: center;\" align=\"JUSTIFY\"><strong>\u00a7 11<\/strong><\/p>\n<p align=\"JUSTIFY\">Cz\u0142onkostwo zwyczajne wygasa na skutek:<\/p>\n<ol>\n<li>skre\u015blenia z listy cz\u0142onk\u00f3w przez Zarz\u0105d z powodu zalegania z op\u0142at\u0105 sk\u0142adki cz\u0142onkowskiej za okres przekraczaj\u0105cy trzy lata &#8211; pomimo dwukrotnego pisemnego upomnienia droga pocztow\u0105 lub on-line;<\/li>\n<li>wykluczenia uchwa\u0142\u0105 Zarz\u0105du, w szczeg\u00f3lno\u015bci za dzia\u0142anie na szkod\u0119 Towarzystwa.<\/li>\n<\/ol>\n<p style=\"text-align: center;\" align=\"JUSTIFY\"><strong>\u00a7 12<\/strong><\/p>\n<p align=\"JUSTIFY\">Godno\u015b\u0107 cz\u0142onka honorowego jest przyznawana na wniosek Prezesa Zarz\u0105du zwyk\u0142\u0105 wi\u0119kszo\u015bci\u0105 g\u0142os\u00f3w osobom, maj\u0105cym wybitny dorobek naukowy lub szczeg\u00f3lnie zas\u0142u\u017conym dla Towarzystwa.<\/p>\n<p align=\"JUSTIFY\">Cz\u0142onkowie honorowi maj\u0105 wszystkie prawa cz\u0142onk\u00f3w zwyczajnych Towarzystwa, lecz nie s\u0105 obowi\u0105zani do p\u0142acenia sk\u0142adki cz\u0142onkowskiej.<\/p>\n<p style=\"text-align: center;\" align=\"JUSTIFY\"><strong>\u00a7 13<\/strong><\/p>\n<p align=\"JUSTIFY\">Cz\u0142onkiem wspieraj\u0105cym mo\u017ce zosta\u0107 osoba fizyczna lub prawna, niezale\u017cnie od miejsca zamieszkania lub siedziby (w tym cudzoziemiec), kt\u00f3ra zadeklaruje dla Towarzystwa pomoc (jej rodzaj i warto\u015b\u0107 ustalana jest w porozumieniu z Zarz\u0105dem Towarzystwa).<\/p>\n<p align=\"JUSTIFY\">Cz\u0142onk\u00f3w wspieraj\u0105cych przyjmuje na podstawie pisemnej deklaracji Zarz\u0105d.<\/p>\n<p align=\"JUSTIFY\">Cz\u0142onkowie wspieraj\u0105cy b\u0119d\u0105cy osobami prawnymi dzia\u0142aj\u0105 w Towarzystwie za po\u015brednictwem przedstawicieli lub pe\u0142nomocnik\u00f3w.<\/p>\n<p style=\"text-align: center;\" align=\"JUSTIFY\"><strong>\u00a7 14<\/strong><\/p>\n<p align=\"JUSTIFY\">Cz\u0142onkowie wspieraj\u0105cy maj\u0105 prawo uczestniczenia z g\u0142osem doradczym w Walnym Zebraniu Cz\u0142onk\u00f3w, jako osoby zaproszone.<\/p>\n<p align=\"JUSTIFY\">Obowi\u0105zkiem cz\u0142onk\u00f3w wspieraj\u0105cych jest okazywanie pomocy w realizacji cel\u00f3w Towarzystwa &#8211; zgodnie z dobrowolnie przyj\u0119tymi zasadami.<\/p>\n<p align=\"JUSTIFY\">Cz\u0142onkostwo wspieraj\u0105ce wygasa przez dobrowolne wyst\u0105pienie lub &#8211; na wniosek Prezesa &#8211; wskutek pozbawienia cz\u0142onkostwa przez Zarz\u0105d G\u0142\u00f3wny, w szczeg\u00f3lno\u015bci z powodu nie\u015bwiadczenia zadeklarowanej pomocy.<\/p>\n<p style=\"text-align: center;\" align=\"JUSTIFY\"><strong>Rozdzia\u0142 IV: W\u0142adze naczelne Towarzystwa<\/strong><\/p>\n<p style=\"text-align: center;\" align=\"JUSTIFY\"><strong>\u00a7 15<\/strong><\/p>\n<p align=\"JUSTIFY\">W\u0142adzami Towarzystwa s\u0105:<\/p>\n<ol>\n<li>Walne Zebranie Cz\u0142onk\u00f3w,<\/li>\n<li>Zarz\u0105d,<\/li>\n<li>Komisja Rewizyjna.<\/li>\n<\/ol>\n<p>a\/ Kadencja w\u0142adz Towarzystwa trwa 6 lat.<\/p>\n<p align=\"JUSTIFY\">\u00a0\u00a0\u00a0 \u00a0 \u00a0 \u00a0 b\/ Prezesa oraz pozosta\u0142ych cz\u0142onk\u00f3w Zarz\u0105du wybiera si\u0119 na Walnym Zebraniu.<\/p>\n<p align=\"JUSTIFY\">\u00a0 \u00a0 \u00a0\u00a0\u00a0 c\/ Wakaty w trakcie trwania kadencji uzupe\u0142niane s\u0105 na wniosek Prezesa w g\u0142osowaniu Zarz\u0105du zwyk\u0142\u0105 wi\u0119kszo\u015bci\u0105 g\u0142os\u00f3w os\u00f3b obecnych, uprawnionych do g\u0142osowania. Zmiany winny by\u0107 zatwierdzone na najbli\u017cszym Walnym Zebraniu.<\/p>\n<p>\u00a0\u00a0\u00a0\u00a0\u00a0\u00a0\u00a0\u00a0\u00a0 d\/ Prezes i cz\u0142onkowie w\u0142adz Towarzystwa pe\u0142ni\u0105 swe funkcje:<\/p>\n<p>&#8211; do ko\u0144ca roku kalendarzowego (w przypadku rezygnacji)<\/p>\n<p align=\"JUSTIFY\">\u00a0\u00a0\u00a0\u00a0\u00a0\u00a0\u00a0 \u00a0 \u00a0 \u00a0 \u00a0 &#8211; lub do odwo\u0142ania decyzj\u0105 Walnego Zebrania w g\u0142osowaniu tajnym.<\/p>\n<p align=\"JUSTIFY\">W przypadku rezygnacji w\u0142asnej Prezes &#8211; w celu zapewnienia prawid\u0142owej realizacji bie\u017c\u0105cych dzia\u0142a\u0144 Towarzystwa &#8211; mo\u017ce wskaza\u0107 swego nast\u0119pc\u0119, kt\u00f3ry nast\u0119pnie zatwierdzany jest przez najbli\u017csze Walne Zebranie. W przypadku \u015bmierci Prezesa funkcj\u0119 przejmuje jego zast\u0119pca a\u017c do czasu wybor\u00f3w, kt\u00f3re winny si\u0119 odby\u0107 na najbli\u017cszym Walnym Zebraniu Cz\u0142onk\u00f3w.<\/p>\n<p style=\"text-align: center;\" align=\"JUSTIFY\"><strong>\u00a7 16<\/strong><\/p>\n<p>Uchwa\u0142y w\u0142adz Towarzystwa, poza wyj\u0105tkami przewidzianymi w statucie, zapadaj\u0105 w g\u0142osowaniu jawnym zwyk\u0142\u0105 wi\u0119kszo\u015bci\u0105 g\u0142os\u00f3w. G\u0142osowanie w sprawach osobowych jest tajne.<\/p>\n<p>W razie r\u00f3wno\u015bci g\u0142os\u00f3w decyduje g\u0142os Prezesa.<\/p>\n<p style=\"text-align: center;\" align=\"JUSTIFY\"><strong>\u00a7 17<\/strong><\/p>\n<p align=\"JUSTIFY\">Walne Zebranie Cz\u0142onk\u00f3w jest najwy\u017csz\u0105 w\u0142adz\u0105 Towarzystwa.<\/p>\n<p style=\"text-align: center;\" align=\"JUSTIFY\"><strong>\u00a7 18<\/strong><\/p>\n<p align=\"JUSTIFY\">W Walnym Zebraniu Cz\u0142onk\u00f3w bior\u0105 udzia\u0142 z g\u0142osem decyduj\u0105cym:<\/p>\n<ol>\n<li>wszyscy cz\u0142onkowie zwyczajni Towarzystwa,<\/li>\n<li>cz\u0142onkowie honorowi.<\/li>\n<\/ol>\n<p style=\"text-align: center;\" align=\"JUSTIFY\"><strong>\u00a7 19<\/strong><\/p>\n<p align=\"JUSTIFY\">Walne Zebranie Cz\u0142onk\u00f3w jest w\u0142adne do podejmowania uchwa\u0142 dotycz\u0105cych wyboru w\u0142adz i zatwierdzania zmian we w\u0142adzach oraz udzielania im absolutorium zwyk\u0142\u0105 wi\u0119kszo\u015bci\u0105 g\u0142os\u00f3w w pierwszym terminie przy obecno\u015bci minimum 1\/2 og\u00f3lnej liczby os\u00f3b uprawnionych do g\u0142osowania, w drugim terminie &#8211; zwyk\u0142\u0105 wi\u0119kszo\u015bci\u0105 g\u0142os\u00f3w niezale\u017cnie od liczby obecnych, za wyj\u0105tkiem \u00a7 34 i \u00a7 35.<\/p>\n<p style=\"text-align: center;\" align=\"JUSTIFY\"><strong>\u00a7 20 <\/strong><\/p>\n<p align=\"JUSTIFY\">Walne Zebranie Cz\u0142onk\u00f3w mo\u017ce by\u0107 zwyczajne lub nadzwyczajne.<\/p>\n<p align=\"JUSTIFY\">Zwyczajne Walne Zebranie Cz\u0142onk\u00f3w zwo\u0142uje Zarz\u0105d dwukrotnie w kadencji.<\/p>\n<p align=\"JUSTIFY\">Nadzwyczajne Walne Zebranie Cz\u0142onk\u00f3w zwo\u0142uje Zarz\u0105d G\u0142\u00f3wny lub w jego imieniu Prezes:<\/p>\n<ol>\n<li>z w\u0142asnej inicjatywy,<\/li>\n<li>na wniosek Komisji Rewizyjnej,<\/li>\n<li>na wniosek &#8211; co najmniej &#8211; 1\/2 og\u00f3lnej liczby cz\u0142onk\u00f3w Towarzystwa.<\/li>\n<\/ol>\n<p style=\"text-align: center;\" align=\"JUSTIFY\"><strong>\u00a7 21 <\/strong><\/p>\n<p align=\"JUSTIFY\">Walne Zebrania mog\u0105 si\u0119 odbywa\u0107 bez konieczno\u015bci fizycznej obecno\u015bci cz\u0142onk\u00f3w, kt\u00f3rzy w takim wypadku mog\u0105 uczestniczy\u0107 w Zebraniu z wykorzystaniem \u0142\u0105czno\u015bci elektronicznej (m.in. wideokonferencje, telekonferencje i in.).<\/p>\n<p style=\"text-align: center;\" align=\"JUSTIFY\"><strong>\u00a7 22 <\/strong><\/p>\n<p align=\"JUSTIFY\">Nadzwyczajne Walne Zebranie Cz\u0142onk\u00f3w powinno by\u0107 zwo\u0142ane w ci\u0105gu 90 dni od daty z\u0142o\u017cenia wniosku.<\/p>\n<p align=\"JUSTIFY\">O terminie, miejscu i porz\u0105dku obrad Walnego Zebrania Cz\u0142onk\u00f3w Zarz\u0105d zawiadamia wszystkich cz\u0142onk\u00f3w nie p\u00f3\u017aniej ni\u017c 10 dni przed terminem.<\/p>\n<p align=\"JUSTIFY\">Cz\u0142onkowie Towarzystwa w liczbie &#8211; co najmniej &#8211; 10 maj\u0105 prawo zg\u0142asza\u0107 wnioski do porz\u0105dku dziennego Walnego Zebrania Cz\u0142onk\u00f3w najp\u00f3\u017aniej 7 dni przed jego terminem, na r\u0119ce sekretarza Zarz\u0105du lub Prezesa.<\/p>\n<p align=\"JUSTIFY\">O uzupe\u0142nieniu porz\u0105dku dziennego decyduje Prezes lub osoba prowadz\u0105ca Walne Zebranie. To samo dotyczy wniosk\u00f3w nag\u0142ych zg\u0142oszonych w ci\u0105gu obrad Walnego Zebrania Cz\u0142onk\u00f3w.<\/p>\n<p align=\"JUSTIFY\">Przedmiotem nag\u0142ego wniosku nie mog\u0105 by\u0107 sprawy cz\u0142onkostwa honorowego, odwo\u0142ania i wyboru w\u0142adz, zmiany statutu i rozwi\u0105zania Towarzystwa.<\/p>\n<p align=\"JUSTIFY\">Nadzwyczajne Walne Zebranie mo\u017ce si\u0119 odby\u0107 w tym samym dniu, w kt\u00f3rym planowano zwo\u0142anie Zwyczajnego Walnego Zebrania, bez wzgl\u0119du na liczb\u0119 uczestnik\u00f3w.<\/p>\n<p style=\"text-align: center;\" align=\"JUSTIFY\"><strong>\u00a7 23<\/strong><\/p>\n<p align=\"JUSTIFY\">Do kompetencji Walnego Zebrania Cz\u0142onk\u00f3w nale\u017cy:<\/p>\n<ol>\n<li>zatwierdzenie wytyczonego przez Zarz\u0105d og\u00f3lnego kierunku dzia\u0142alno\u015bci Towarzystwa;<\/li>\n<li>rozpatrywanie i przyjmowanie sprawozda\u0144 Zarz\u0105du, Komisji Rewizyjnej oraz decydowanie o udzieleniu absolutorium Zarz\u0105dowi i\/lub Prezesowi;<\/li>\n<li>wyb\u00f3r w g\u0142osowaniach jawnych:\n<ol>\n<li>\u00a0prezesa Towarzystwa,<\/li>\n<li>\u00a0pozosta\u0142ych cz\u0142onk\u00f3w Zarz\u0105du,<\/li>\n<li>\u00a02-3 cz\u0142onk\u00f3w Komisji Rewizyjnej,<\/li>\n<\/ol>\n<\/li>\n<li>zatwierdzanie zmian, kt\u00f3re nast\u0105pi\u0142y we w\u0142adzach w okresie pomi\u0119dzy Walnymi Zebraniami;<\/li>\n<li>podejmowanie uchwa\u0142 w sprawach, w kt\u00f3rych statut nie okre\u015bla w\u0142a\u015bciwo\u015bci w\u0142adz Stowarzyszenia, w tym tak\u017ce o zmianie statutu;<\/li>\n<li>decydowanie o rozwi\u0105zaniu si\u0119 Towarzystwa.<\/li>\n<\/ol>\n<p style=\"text-align: center;\" align=\"JUSTIFY\"><strong>\u00a7 24<\/strong><\/p>\n<p align=\"JUSTIFY\">Zarz\u0105d sk\u0142ada si\u0119 z przynajmniej 4 os\u00f3b:<\/p>\n<ol>\n<li>z Prezesa Towarzystwa,<\/li>\n<li>jednego zast\u0119pcy,<\/li>\n<li>jednego lub dw\u00f3ch cz\u0142onk\u00f3w<\/li>\n<li>oraz sekretarza\/skarbnika.<\/li>\n<\/ol>\n<p align=\"JUSTIFY\">W posiedzeniach Zarz\u0105du mog\u0105 uczestniczy\u0107 z g\u0142osem doradczym: przewodnicz\u0105cy Komisji Rewizyjnej lub jego zast\u0119pca i inne zaproszone przez Zarz\u0105d osoby.<\/p>\n<p align=\"JUSTIFY\">Sk\u0142ad Zarz\u0105du mo\u017ce by\u0107 rozszerzany o inne osoby wskazane przez Prezesa i zatwierdzane przez najbli\u017csze Walne Zebranie.<\/p>\n<p align=\"JUSTIFY\">Zarz\u0105d spotyka si\u0119 &#8211; w miar\u0119 bie\u017c\u0105cych potrzeb &#8211; pomi\u0119dzy spotkaniami Walnymi Zebraniami Cz\u0142onk\u00f3w, jednak\u017ce nie rzadziej ni\u017c raz na rok.<\/p>\n<p style=\"text-align: center;\" align=\"JUSTIFY\"><strong>\u00a7 25<\/strong><\/p>\n<p align=\"JUSTIFY\">Do kompetencji Zarz\u0105du nale\u017cy:<\/p>\n<ol>\n<li>kierowanie ca\u0142okszta\u0142tem dzia\u0142alno\u015bci Towarzystwa;<\/li>\n<li>reprezentowanie Towarzystwa na zewn\u0105trz;<\/li>\n<li>zwo\u0142ywanie Walnego Zebrania Cz\u0142onk\u00f3w i sk\u0142adanie na nim sprawozda\u0144 z dzia\u0142alno\u015bci Towarzystwa;<\/li>\n<li>zatwierdzanie wniosk\u00f3w Prezesa o nadanie godno\u015bci cz\u0142onka honorowego Towarzystwa;<\/li>\n<li>przyjmowanie i odwo\u0142ywanie cz\u0142onk\u00f3w zwyczajnych &#8211; w tym tak\u017ce cudzoziemc\u00f3w nie posiadaj\u0105cych miejsca zamieszkania na terytorium Rzeczypospolitej Polskiej, przyjmowanie cz\u0142onk\u00f3w wspieraj\u0105cych, decydowanie o pozbawieniu cz\u0142onkostwa wspieraj\u0105cego;<\/li>\n<li>powo\u0142ywanie zespo\u0142\u00f3w badawczych i problemowych przy Zarz\u0105dzie;<\/li>\n<li>ustalanie wysoko\u015bci sk\u0142adki cz\u0142onkowskiej;<\/li>\n<li>uchwalanie bud\u017cetu Towarzystwa;<\/li>\n<li>zarz\u0105dzanie maj\u0105tkiem i dysponowanie funduszami Towarzystwa;<\/li>\n<li>dzia\u0142ania zmierzaj\u0105ce do pozyskiwania funduszy niezb\u0119dnych na realizacj\u0119 cel\u00f3w statutowych<\/li>\n<\/ol>\n<p style=\"text-align: center;\" align=\"JUSTIFY\"><strong>\u00a7 26<\/strong><\/p>\n<p align=\"JUSTIFY\">W imieniu Towarzystwa wszystkie decyzje w okresie pomi\u0119dzy posiedzeniami Zarz\u0105du podejmuje jednoosobowo Prezes lub w razie niemo\u017cno\u015bci jego zast\u0119pca lub osoba wskazana przez Zarz\u0105d.<\/p>\n<p style=\"text-align: center;\" align=\"JUSTIFY\"><strong>\u00a7 27<\/strong><\/p>\n<p align=\"JUSTIFY\">W imieniu Zarz\u0105du Towarzystwo reprezentuj\u0105 na zewn\u0105trz we wszystkich sprawach Prezes lub jego zast\u0119pca.<\/p>\n<p style=\"text-align: center;\" align=\"JUSTIFY\"><strong>\u00a7 28<\/strong><\/p>\n<p align=\"JUSTIFY\">Komisja Rewizyjna jest naczelnym organem kontrolnym Towarzystwa.<\/p>\n<p align=\"JUSTIFY\">Komisja Rewizyjna sk\u0142ada si\u0119 z minimum 2 cz\u0142onk\u00f3w; wybiera ona ze swego grona przewodnicz\u0105cego, oraz zast\u0119pc\u0119, kt\u00f3ry mo\u017ce pe\u0142ni\u0107 funkcj\u0119 sekretarza.<\/p>\n<p align=\"JUSTIFY\">W razie zmniejszenia si\u0119 liczby cz\u0142onk\u00f3w Komisji Rewizyjnej Komisja mo\u017ce dokooptowa\u0107 brakuj\u0105cych cz\u0142onk\u00f3w spo\u015br\u00f3d delegat\u00f3w na Walne Zebranie Cz\u0142onk\u00f3w.<\/p>\n<p style=\"text-align: center;\" align=\"JUSTIFY\"><strong>\u00a7 29<\/strong><\/p>\n<p align=\"JUSTIFY\">Do kompetencji Komisji Rewizyjnej nale\u017cy:<\/p>\n<ol>\n<li>przeprowadzanie przynajmniej raz w kadencji kontroli ca\u0142okszta\u0142tu dzia\u0142alno\u015bci Towarzystwa, ze szczeg\u00f3lnym uwzgl\u0119dnieniem dzia\u0142alno\u015bci finansowo-gospodarczej pod wzgl\u0119dem celowo\u015bci, rzetelno\u015bci i gospodarno\u015bci; kontrola taka mo\u017ce na wniosek Przewodnicz\u0105cego KR by\u0107 przeprowadzana w miar\u0119 potrzeby cz\u0119\u015bciej.<\/li>\n<li>wyst\u0119powanie do Zarz\u0105du z wnioskami wynikaj\u0105cymi z ustale\u0144 kontrolnych;<\/li>\n<li>sk\u0142adanie na Walnym Zebraniu Cz\u0142onk\u00f3w sprawozdania ze swej dzia\u0142alno\u015bci oraz stawianie wniosku w sprawie absolutorium dla ust\u0119puj\u0105cego Zarz\u0105du;<\/li>\n<li>w wypadkach szczeg\u00f3lnej wagi wyst\u0119powanie do Zarz\u0105du z \u017c\u0105daniem zwo\u0142ania nadzwyczajnego Walnego Zebrania Cz\u0142onk\u00f3w;<\/li>\n<\/ol>\n<p style=\"text-align: center;\" align=\"JUSTIFY\"><strong>\u00a7 30<\/strong><\/p>\n<p align=\"JUSTIFY\">Przewodnicz\u0105cy Komisji Rewizyjnej lub jego zast\u0119pca ma prawo uczestniczenia z g\u0142osem doradczym w posiedzeniach Zarz\u0105du.<\/p>\n<p align=\"JUSTIFY\">Komisja Rewizyjna dzia\u0142a w sk\u0142adzie przynajmniej dwuosobowym.<\/p>\n<p align=\"JUSTIFY\">Komisja Rewizyjna mo\u017ce podejmowa\u0107 czynno\u015bci kontrolne w ka\u017cdym czasie, we wszystkich agendach Zarz\u0105du.<\/p>\n<p style=\"text-align: center;\" align=\"JUSTIFY\"><strong>Rozdzia\u0142 VI: Maj\u0105tek Towarzystwa<\/strong><\/p>\n<p style=\"text-align: center;\" align=\"JUSTIFY\"><strong>\u00a7 31 <\/strong><\/p>\n<p align=\"JUSTIFY\">Maj\u0105tek Towarzystwa powstaje z:<\/p>\n<ol>\n<li>wp\u0142yw\u00f3w ze sk\u0142adek cz\u0142onkowskich,<\/li>\n<li>dotacji i darowizn oraz in. funduszy pozyskiwanych z zewn\u0105trz od r\u00f3\u017cnego typu instytucji i os\u00f3b fizycznych, w tym tak\u017ce unijnych;<\/li>\n<li>dochod\u00f3w z maj\u0105tku Towarzystwa,<\/li>\n<li>dochod\u00f3w z wydawnictw i innych przedsi\u0119wzi\u0119\u0107 Towarzystwa przewidzianych w \u00a7 7,<\/li>\n<li>ruchomo\u015bci i nieruchomo\u015bci nabytych przez Towarzystwo i przeznaczonych na jego dzia\u0142alno\u015b\u0107.<\/li>\n<\/ol>\n<p style=\"text-align: center;\" align=\"JUSTIFY\"><strong>\u00a7 32<\/strong><\/p>\n<p align=\"JUSTIFY\">Dzia\u0142ania zwi\u0105zane ze sprawami finansowymi Towarzystwa mo\u017ce w granicach posiadanych uprawnie\u0144 za po\u015brednictwem Prezesa lub jego zast\u0119pcy prowadzi\u0107 wy\u0142\u0105cznie Zarz\u0105d.<\/p>\n<p style=\"text-align: center;\" align=\"JUSTIFY\"><strong>\u00a7 33<\/strong><\/p>\n<p align=\"JUSTIFY\">Dla wa\u017cno\u015bci pism dotycz\u0105cych praw i obowi\u0105zk\u00f3w maj\u0105tkowych Towarzystwa wymagane s\u0105 podpisy Prezesa lub wyznaczonego przez niego zast\u0119pcy ( w ostatnim przypadku tak\u017ce skarbnika lub innej osoby z Zarz\u0105du).<\/p>\n<p style=\"text-align: center;\" align=\"JUSTIFY\"><strong>Rozdzia\u0142 VII: Zmiana statutu i rozwi\u0105zanie si\u0119 Towarzystwa<\/strong><\/p>\n<p style=\"text-align: center;\" align=\"JUSTIFY\"><strong>\u00a7 34<\/strong><\/p>\n<p align=\"JUSTIFY\">Uchwa\u0142\u0119 o zmianie statutu podejmuje Walne Zebranie Cz\u0142onk\u00f3w wi\u0119kszo\u015bci\u0105 2\/3 g\u0142os\u00f3w przy obecno\u015bci przynajmniej 1\/2 og\u00f3lnej liczby os\u00f3b uprawnionych do g\u0142osowania.<\/p>\n<p style=\"text-align: center;\" align=\"JUSTIFY\"><strong>\u00a7 35<\/strong><\/p>\n<p align=\"JUSTIFY\">Uchwa\u0142\u0119 o rozwi\u0105zaniu si\u0119 Towarzystwa podejmuje Walne Zebranie Cz\u0142onk\u00f3w w I terminie wi\u0119kszo\u015bci\u0105 2\/3 g\u0142os\u00f3w przy obecno\u015bci przynajmniej 1\/2 os\u00f3b uprawnionych do g\u0142osowania, a w II terminie 2\/3 g\u0142os\u00f3w os\u00f3b obecnych.<\/p>\n<p align=\"JUSTIFY\">Uchwa\u0142a o rozwi\u0105zaniu si\u0119 Towarzystwa powinna okre\u015bla\u0107 przeznaczenie maj\u0105tku Towarzystwa.<\/p>\n<p style=\"text-align: center;\" align=\"JUSTIFY\"><strong>Koniec<\/strong><\/p>\n<\/div>\n","protected":false},"excerpt":{"rendered":"<div class=\"mh-excerpt\"><p>Statut TOWARZYSTWA PEDAGOGIKI FILOZOFICZNEJ im. B.F. Trentowskiego Rozdzia\u0142 I: Postanowienia og\u00f3lne \u00a7 1 Towarzystwo Pedagogiki Filozoficznej im B.F. Trentowskiego, zwane <a class=\"mh-excerpt-more\" href=\"https:\/\/pedagogika-filozoficzna.eu\/?page_id=47\" title=\"Statut TPF\">[&#8230;]<\/a><\/p>\n<\/div>","protected":false},"author":1,"featured_media":0,"parent":37,"menu_order":0,"comment_status":"closed","ping_status":"closed","template":"","meta":{"footnotes":""},"class_list":["post-47","page","type-page","status-publish","hentry"],"_links":{"self":[{"href":"https:\/\/pedagogika-filozoficzna.eu\/index.php?rest_route=\/wp\/v2\/pages\/47","targetHints":{"allow":["GET"]}}],"collection":[{"href":"https:\/\/pedagogika-filozoficzna.eu\/index.php?rest_route=\/wp\/v2\/pages"}],"about":[{"href":"https:\/\/pedagogika-filozoficzna.eu\/index.php?rest_route=\/wp\/v2\/types\/page"}],"author":[{"embeddable":true,"href":"https:\/\/pedagogika-filozoficzna.eu\/index.php?rest_route=\/wp\/v2\/users\/1"}],"replies":[{"embeddable":true,"href":"https:\/\/pedagogika-filozoficzna.eu\/index.php?rest_route=%2Fwp%2Fv2%2Fcomments&post=47"}],"version-history":[{"count":4,"href":"https:\/\/pedagogika-filozoficzna.eu\/index.php?rest_route=\/wp\/v2\/pages\/47\/revisions"}],"predecessor-version":[{"id":1717,"href":"https:\/\/pedagogika-filozoficzna.eu\/index.php?rest_route=\/wp\/v2\/pages\/47\/revisions\/1717"}],"up":[{"embeddable":true,"href":"https:\/\/pedagogika-filozoficzna.eu\/index.php?rest_route=\/wp\/v2\/pages\/37"}],"wp:attachment":[{"href":"https:\/\/pedagogika-filozoficzna.eu\/index.php?rest_route=%2Fwp%2Fv2%2Fmedia&parent=47"}],"curies":[{"name":"wp","href":"https:\/\/api.w.org\/{rel}","templated":true}]}}