{"id":50,"date":"2017-02-17T11:37:10","date_gmt":"2017-02-17T10:37:10","guid":{"rendered":"http:\/\/pedagogika-filozoficzna.eu\/?page_id=50"},"modified":"2017-05-21T21:00:22","modified_gmt":"2017-05-21T19:00:22","slug":"galeria","status":"publish","type":"page","link":"https:\/\/pedagogika-filozoficzna.eu\/?page_id=50","title":{"rendered":"Galeria"},"content":{"rendered":"<p>Dost\u0119pne filmy na kanale TPF w You Tube:<\/p>\n<p><a href=\"https:\/\/www.youtube.com\/watch?v=7XWATjE9kS4\" target=\"_blank\" rel=\"noopener noreferrer\">Wyk\u0142ad prof. zw. dra hab. Mariana Weso\u0142ego<\/a><\/p>\n<p><a href=\"https:\/\/youtu.be\/zH-URqbPv3M\" target=\"_blank\" rel=\"noopener noreferrer\">Wyk\u0142ad prof. dr hab.\u00a0Astrid M\u0119czkowskiej-Christiansen<\/a><\/p>\n","protected":false},"excerpt":{"rendered":"<div class=\"mh-excerpt\"><p>Dost\u0119pne filmy na kanale TPF w You Tube: Wyk\u0142ad prof. zw. dra hab. Mariana Weso\u0142ego Wyk\u0142ad prof. dr hab.\u00a0Astrid M\u0119czkowskiej-Christiansen<\/p>\n<\/div>","protected":false},"author":1,"featured_media":0,"parent":0,"menu_order":0,"comment_status":"closed","ping_status":"closed","template":"","meta":{"footnotes":""},"class_list":["post-50","page","type-page","status-publish","hentry"],"_links":{"self":[{"href":"https:\/\/pedagogika-filozoficzna.eu\/index.php?rest_route=\/wp\/v2\/pages\/50","targetHints":{"allow":["GET"]}}],"collection":[{"href":"https:\/\/pedagogika-filozoficzna.eu\/index.php?rest_route=\/wp\/v2\/pages"}],"about":[{"href":"https:\/\/pedagogika-filozoficzna.eu\/index.php?rest_route=\/wp\/v2\/types\/page"}],"author":[{"embeddable":true,"href":"https:\/\/pedagogika-filozoficzna.eu\/index.php?rest_route=\/wp\/v2\/users\/1"}],"replies":[{"embeddable":true,"href":"https:\/\/pedagogika-filozoficzna.eu\/index.php?rest_route=%2Fwp%2Fv2%2Fcomments&post=50"}],"version-history":[{"count":7,"href":"https:\/\/pedagogika-filozoficzna.eu\/index.php?rest_route=\/wp\/v2\/pages\/50\/revisions"}],"predecessor-version":[{"id":895,"href":"https:\/\/pedagogika-filozoficzna.eu\/index.php?rest_route=\/wp\/v2\/pages\/50\/revisions\/895"}],"wp:attachment":[{"href":"https:\/\/pedagogika-filozoficzna.eu\/index.php?rest_route=%2Fwp%2Fv2%2Fmedia&parent=50"}],"curies":[{"name":"wp","href":"https:\/\/api.w.org\/{rel}","templated":true}]}}